{"id":554,"date":"2025-09-12T16:40:51","date_gmt":"2025-09-12T13:40:51","guid":{"rendered":"https:\/\/ikincielkoltuktakimi.com\/esya\/?post_type=product&#038;p=554"},"modified":"2025-09-12T16:40:51","modified_gmt":"2025-09-12T13:40:51","slug":"deri-koltuk-takimi-indirim-avantajlari-ile-gucci-model-331-koltuk-takimi","status":"publish","type":"product","link":"https:\/\/ikincielkoltuktakimi.com\/esya\/urun\/deri-koltuk-takimi-indirim-avantajlari-ile-gucci-model-331-koltuk-takimi\/","title":{"rendered":"Deri koltuk tak\u0131m\u0131 indirim avantajlar\u0131 ile GUCC\u0130 MODEL 3+3+1 KOLTUK TAKIMI"},"content":{"rendered":"","protected":false},"excerpt":{"rendered":"<p>Deri koltuk tak\u0131m\u0131 Koltuk Tak\u0131mlar\u0131 ve Oturma Gruplar\u0131 \u00b7 GUCC\u0130 MODEL 3+3+1 KOLTUK TAKIMI HIZLI \u00dcCRETS\u0130Z TESL\u0130M 29900TL Modern Kanepe QUX6. \u20ba20.000,00. Vintage Kanepe ve Puf Tak\u0131m\u0131 MOT2. Sepete Ekle. Favorilerime \u0130MALATAN SIFIR L\u00dcXS KOLTUK TAKIMI Deri koltuk tak\u0131m\u0131 indirim avantajlar\u0131 ile sahip olabilece\u011finiz modeller; do\u011fall\u0131\u011f\u0131, dayan\u0131kl\u0131l\u0131\u011f\u0131, \u00e7e\u015fitlili\u011fi,<\/p>\n","protected":false},"featured_media":556,"template":"","meta":[],"product_brand":[],"product_cat":[15],"product_tag":[38],"class_list":{"0":"post-554","1":"product","2":"type-product","3":"status-publish","4":"has-post-thumbnail","6":"product_cat-ikinci-el-koltuk-takimi","7":"product_tag-ikinci-el-deri-koltuk-takimi","9":"first","10":"instock","11":"sale","12":"shipping-taxable","13":"purchasable","14":"product-type-simple"},"_links":{"self":[{"href":"https:\/\/ikincielkoltuktakimi.com\/esya\/wp-json\/wp\/v2\/product\/554","targetHints":{"allow":["GET"]}}],"collection":[{"href":"https:\/\/ikincielkoltuktakimi.com\/esya\/wp-json\/wp\/v2\/product"}],"about":[{"href":"https:\/\/ikincielkoltuktakimi.com\/esya\/wp-json\/wp\/v2\/types\/product"}],"wp:featuredmedia":[{"embeddable":true,"href":"https:\/\/ikincielkoltuktakimi.com\/esya\/wp-json\/wp\/v2\/media\/556"}],"wp:attachment":[{"href":"https:\/\/ikincielkoltuktakimi.com\/esya\/wp-json\/wp\/v2\/media?parent=554"}],"wp:term":[{"taxonomy":"product_brand","embeddable":true,"href":"https:\/\/ikincielkoltuktakimi.com\/esya\/wp-json\/wp\/v2\/product_brand?post=554"},{"taxonomy":"product_cat","embeddable":true,"href":"https:\/\/ikincielkoltuktakimi.com\/esya\/wp-json\/wp\/v2\/product_cat?post=554"},{"taxonomy":"product_tag","embeddable":true,"href":"https:\/\/ikincielkoltuktakimi.com\/esya\/wp-json\/wp\/v2\/product_tag?post=554"}],"curies":[{"name":"wp","href":"https:\/\/api.w.org\/{rel}","templated":true}]}}